 when r is divided by 7.
6
Let z = -1176 - -1781. What is the remainder when z is divided by 38?
35
Suppose -24 = 5*z + 1. Let p(n) = -n**2 - 11*n - 6. Let j be p(z). Suppose 4*t + 35 + 27 = 3*x, -x + 2*t + j = 0. What is the remainder when 53 is divided by x?
11
Let t = -1042 + 1063. Calculate the remainder when 132 is divided by t.
6
Let f be (((-336)/(-30))/(-4))/(2/(-5)). What is the remainder when 158 is divided by 4*f/(-70) + 234/10?
20
What is the remainder when 1649/6 + 7/42 is divided by 23?
22
Let s(q) = -q - 23. Let t be s(-14). Let d = 109 - 48. What is the remainder when d is divided by (-2)/t - (-76)/(-18) - -25?
19
Suppose 0 = -32*b + 29*b + 168. Let g(t) = t**2 + 6*t - 35. What is the remainder when b is divided by g(-11)?
16
Suppose -10 = -5*v, -4*v - v + 35 = r. Suppose 66 = 3*i + 8*i. Suppose -i*x + 900 - 318 = 0. What is the remainder when x is divided by r?
22
Suppose 0 = s + 3*t - 43, -242 = -s - 3*s + 2*t. Calculate the remainder when 195 is divided by s.
21
Let y = -170 + 263. Suppose 2*a - y = -z, -3*a + 9*z + 156 = 5*z. Suppose 0*k = -5*k + 4*c + 121, 0 = 4*c - 4. What is the remainder when a is divided by k?
23
Suppose -261 + 150 = -3*s. What is the remainder when s is divided by 21?
16
Suppose -2*k = 5*n - 2, 9 = 3*k + 2*n - 5. What is the remainder when 10 is divided by k?
4
Suppose 0 = -h, -4*u = -4*h - 1 - 3. Let n(l) = -l**2 - 15*l - 10. Let p be n(-15). Calculate the remainder when 15/2*(-4)/p is divided by u.
0
Let z(v) = v**2 + 4*v + 6. Let g be 39/(-6) + 6/4. What is the remainder when z(g) is divided by 1?
0
Suppose -12*l + 2486 = 10*l. What is the remainder when l is divided by 40?
33
Let h = 114 - 65. Suppose 1 = -4*v + h. Suppose r - 13 = -5*b, -4*r + 109 = r + 3*b. What is the remainder when r is divided by v?
11
Let m = -168 + 445. Calculate the remainder when m is divided by 88.
13
Let t = 26 - -20. Calculate the remainder when t is divided by 8.
6
Suppose 7 + 11 = z. What is the remainder when (-2090)/(-30) + (-1)/(-3) is divided by z?
16
Suppose -4*a - 20 = -4*h, -4*a - 1 = -9. What is the remainder when 42 is divided by h?
0
Suppose 2*i + 8 = -4. Let g(d) = -d**2 - 21*d - 44. Calculate the remainder when i/9*(-87)/2 is divided by g(-18).
9
Let z(d) = d**2 + 2*d - 1. Suppose -n + 34 = 2*a, -33 = -3*a + 4*n + 29. What is the remainder when z(5) is divided by a?
16
Suppose -3*l = -9*l. Suppose 22*b + l*b - 1122 = 0. What is the remainder when b is divided by 13?
12
Suppose -228*g + 230*g = 26. What is the remainder when 50 is divided by g?
11
Let u = 417 - 365. Calculate the remainder when u is divided by -1*1*19/(-1).
14
Suppose 0 = 4*l - 70*q + 69*q - 436, l - 4*q - 124 = 0. Calculate the remainder when l is divided by 28.
24
Suppose 4*y = 50*u - 49*u + 907, 2*u - 1137 = -5*y. Calculate the remainder when y is divided by 214.
13
Let l(y) = -y**3 - 25*y**2 - 56*y - 136. Calculate the remainder when l(-23) is divided by 6.
4
Let c = 8 + -5. Suppose -17 = 3*v - 2*i, 2*v + 15 = v + c*i. What is the remainder when v/2 - 210/(-4) is divided by 26?
25
Let a = -10 + 10. Suppose 3 = 2*t + 3*n - 2, a = 5*n + 5. Suppose -7*s + 16 = -3*s, t*r - 3*s = 480. Calculate the remainder when r is divided by 31.
30
Let v = 6 + 1. Let y be v*(-2 + (-132)/(-21)). Let h = y - -16. Calculate the remainder when h is divided by 12.
10
Suppose 0 = -2*b + 3*b + 5*r + 97, -2*b = 2*r + 210. Let x = -62 - b. What is the remainder when x is divided by -20*(-2 - 8/(-10))?
21
Calculate the remainder when 0 - (-6 + (-622)/(-6))*-3 is divided by 49.
48
Let f = -57 - -95. Calculate the remainder when f is divided by 11.
5
Suppose 28 + 2 = 5*r. Suppose 34 = 5*a + 4*g, 3*g + 3 = r. What is the remainder when a is divided by 2?
0
Suppose h - 21 = u, 499*h - 502*h + 4*u = -64. Suppose 5*x + 2 = -2*m + 6, -4*x = 4*m - 20. What is the remainder when h is divided by m?
6
Suppose -7*u + 1297 + 418 = 0. Calculate the remainder when u is divided by 23.
15
Let d = -75 - -76. What is the remainder when 44 is divided by d*(24 + 0/(-2))?
20
Suppose 0*c + 3*c = 27. Suppose -c*i - 108 = -11*i. Calculate the remainder when i is divided by 19.
16
Let b(p) = -p**3 - 6*p**2 - 3*p + 1. Suppose -5*w = 5*a - 410, -5*w - a + 0*a = -414. Suppose -g - 10 + w = 0. What is the remainder when g is divided by b(-6)?
16
Let f = 920 - 746. What is the remainder when f is divided by 58?
0
Let t = -118 - -135. Suppose -t = 149*o - 150*o. Calculate the remainder when o is divided by 11.
6
Let r = 19 + -25. Let g(y) = -2*y - 2. Calculate the remainder when 6/1 + (-6)/r is divided by g(-3).
3
Calculate the remainder when 10/(-4)*(-33 - -27) is divided by 9.
6
Suppose 61*q + 222 = 67*q. What is the remainder when 182 is divided by q?
34
Suppose 38 = -2*w - 4*v, -5*w + 3*v + 2*v - 80 = 0. What is the remainder when w/(-5 - (-20)/5) is divided by 5?
2
What is the remainder when 702 is divided by 2 + -4 + 156*(-2)/(-8)?
36
Suppose 5*f - 33 + 23 = 0. Let q(g) = 1 + 2*g - 9*g**2 - 4 + 33*g**2. Calculate the remainder when q(f) is divided by 25.
22
Let t = -1694 - -1865. What is the remainder when t is divided by 45?
36
Let y be 6/18 - (-26)/3. Calculate the remainder when (0 + -3)/(y/(-222)) is divided by 19.
17
Suppose 8 + 1 = v + a, -2*v - 3*a + 23 = 0. Let p = -18 + 35. What is the remainder when p is divided by -7 - -14 - (1 - v)?
7
Suppose 45 = f - 0*f. Let v(p) = 4*p**2 - 66*p + 268. What is the remainder when v(13) is divided by f?
41
Let g(q) = -3*q - 23. Calculate the remainder when 30 is divided by g(-10).
2
Let z = 54 - 35. What is the remainder when 1 + 1356/20 - (-5)/25 is divided by z?
12
Suppose 16*j - 4*j = 3552. What is the remainder when j is divided by 50?
46
Calculate the remainder when 463 is divided by (-30)/(-2) - (8 + -7 + -1).
13
Let g(b) = 2*b**2 + 43*b - 2. Suppose 0*s - o = 5*s - 128, -2*o - 94 = -4*s. What is the remainder when s is divided by g(-22)?
5
Suppose 70 = 4*k - 2*q, -33*k - 3*q = -35*k + 41. Let t(c) = 19*c**2 + 2*c - 3. What is the remainder when t(2) is divided by k?
13
Let r = 857 - 767. What is the remainder when r is divided by 5?
0
Suppose 3*a = 13*a. Let z = 156 - 111. Suppose t - z - 16 = a. What is the remainder when t is divided by 16?
13
Suppose -26*i + a - 200 = -27*i, 0 = -3*i - 2*a + 603. What is the remainder when i is divided by 34?
33
Let u(k) = -k**3 - k**2 + 6*k + 1. Let d be u(-4). Suppose -d*a + 42 = -23*a. Calculate the remainder when a is divided by 12.
9
Let z(p) = -4*p + 10. Let w be z(6). Let i = 17 + w. Calculate the remainder when i + 98 - (-1 + 4) is divided by 20.
18
Suppose 2*p - 2*b = 68, -3*p - 2*b - 3 = -85. Let s(g) = -g**3 + 6*g**2 - 2*g + 1. Calculate the remainder when p is divided by s(5).
14
Suppose -4*g + 27 = g + h, 0 = -2*g - 4*h + 18. What is the remainder when 69 is divided by g?
4
Let p(y) = -6*y**2 - 38*y - 7. Let k be p(-6). Suppose 305 = k*t - 220. What is the remainder when t is divided by 36?
33
Suppose -5*s + f + 40 = 0, 2*s - 3 = -2*s - 5*f. Suppose 2*v - 4*m - 36 = 64, 10 = -2*m. What is the remainder when v is divided by s?
5
Suppose -y + 6 = y, -4*f + 3*y = -39. Calculate the remainder when 95 is divided by f.
11
Suppose -44*b - 2634 = -50*b. What is the remainder when b is divided by 17?
14
Let q(s) = -15*s + 19*s**3 + 29*s - 15*s - 2*s**2 - 49*s**3. What is the remainder when q(-1) is divided by 10?
9
Suppose 5*b = -79 - 86. Let f = b - -48. Calculate the remainder when ((0 - 2)/((-154)/(-11)))/((-14)/4018) is divided by f.
11
Let i(n) be the first derivative of -11*n**2/2 - n - 1. Let s(j) = 5*j. Let u(d) = -4*i(d) - 9*s(d). What is the remainder when 51 is divided by u(-10)?
9
Suppose -v + x + 86 = 0, 5*v + x - 136 = 294. What is the remainder when v is divided by 19?
10
Let q = 112 - 80. Suppose -4*z - 4*r + q = 0, -z + 2*r = -r + 12. Calculate the remainder when 2 is divided by 4*((-15)/6 + z).
0
Let d(p) = -3*p - 8. Let l = -17 - -12. Let w be d(l). Let b = w + 31. Calculate the remainder when b is divided by 14.
10
Let z(i) be the first derivative of i**4/4 - 3*i**2/2 - 4*i - 1. What is the remainder when z(4) is divided by (-28)/56 + (-70)/(-4)?
14
Let w = 644 - 588. What is the remainder when 315 is divided by w?
35
Suppose -4*q + 9 = -43. Suppose 69 = -0*g + 3*g. Suppo